s the hundred thousands digit of 360751?
3
What is the hundreds digit of 324377?
3
What is the units digit of 153865?
5
What is the ten thousands digit of 366541?
6
What is the thousands digit of 115504?
5
What is the thousands digit of 20910?
0
What is the units digit of 2198341?
1
What is the hundreds digit of 912794?
7
What is the hundreds digit of 3210875?
8
What is the hundred thousands digit of 12684960?
6
What is the ten thousands digit of 193900?
9
What is the thousands digit of 94243?
4
What is the ten thousands digit of 22795555?
9
What is the tens digit of 119577?
7
What is the tens digit of 9913915?
1
What is the hundreds digit of 4736539?
5
What is the units digit of 745390?
0
What is the ten thousands digit of 35335?
3
What is the units digit of 6706283?
3
What is the units digit of 5843?
3
What is the tens digit of 984672?
7
What is the hundreds digit of 1423105?
1
What is the hundreds digit of 11642943?
9
What is the units digit of 2386943?
3
What is the ten thousands digit of 15669533?
6
What is the thousands digit of 218382?
8
What is the tens digit of 13517494?
9
What is the hundred thousands digit of 353406?
3
What is the thousands digit of 95836?
5
What is the hundreds digit of 1197733?
7
What is the units digit of 6097594?
4
What is the thousands digit of 618345?
8
What is the hundred thousands digit of 841963?
8
What is the thousands digit of 2316898?
6
What is the hundred thousands digit of 1722740?
7
What is the ten thousands digit of 1479625?
7
What is the hundreds digit of 110145?
1
What is the millions digit of 2231054?
2
What is the hundred thousands digit of 797947?
7
What is the tens digit of 371789?
8
What is the hundred thousands digit of 13328193?
3
What is the units digit of 2091592?
2
What is the thousands digit of 8997005?
7
What is the thousands digit of 2881426?
1
What is the hundreds digit of 6514274?
2
What is the thousands digit of 2559398?
9
What is the units digit of 1627871?
1
What is the thousands digit of 1825567?
5
What is the millions digit of 7693312?
7
What is the units digit of 11676?
6
What is the tens digit of 4188878?
7
What is the hundreds digit of 3618713?
7
What is the hundred thousands digit of 2034540?
0
What is the tens digit of 302435?
3
What is the hundred thousands digit of 1699410?
6
What is the units digit of 781142?
2
What is the units digit of 180569?
9
What is the ten thousands digit of 7273784?
7
What is the ten thousands digit of 129928?
2
What is the units digit of 2087179?
9
What is the ten thousands digit of 425066?
2
What is the tens digit of 15080?
8
What is the tens digit of 18552?
5
What is the thousands digit of 23570210?
0
What is the tens digit of 21916160?
6
What is the units digit of 1298717?
7
What is the thousands digit of 417768?
7
What is the ten thousands digit of 1350063?
5
What is the hundred thousands digit of 1886714?
8
What is the hundreds digit of 288987?
9
What is the units digit of 188540?
0
What is the hundreds digit of 199525?
5
What is the ten thousands digit of 1060426?
6
What is the ten thousands digit of 457649?
5
What is the tens digit of 146256?
5
What is the thousands digit of 725493?
5
What is the units digit of 279091?
1
What is the thousands digit of 5469876?
9
What is the ten thousands digit of 210053?
1
What is the hundreds digit of 6510016?
0
What is the millions digit of 2047694?
2
What is the tens digit of 1046931?
3
What is the hundred thousands digit of 41283780?
2
What is the millions digit of 18043863?
8
What is the units digit of 30693811?
1
What is the thousands digit of 14219152?
9
What is the hundred thousands digit of 2040813?
0
What is the millions digit of 1775936?
1
What is the units digit of 1969752?
2
What is the hundred thousands digit of 123567?
1
What is the units digit of 149834?
4
What is the ten thousands digit of 150365?
5
What is the hundred thousands digit of 7081842?
0
What is the hundred thousands digit of 1890796?
8
What is the ten thousands digit of 36021668?
2
What is the ten thousands digit of 513597?
1
What is the units digit of 12485147?
7
What is the ten thousands digit of 366745?
6
What is the ten thousands digit of 7196742?
9
What is the thousands digit of 19283?
9
What is the tens digit of 2221064?
6
What is the millions digit of 3815405?
3
What is the ten thousands digit of 657581?
5
What is the ten thousands digit of 7564218?
6
What is the units digit of 3228032?
2
What is the hundreds digit of 6740263?
2
What is the thousands digit of 6109116?
9
What is the tens digit of 224376?
7
What is the hundred thousands digit of 443641?
4
What is the hundred thousands digit of 4323407?
3
What is the millions digit of 6168949?
6
What is the hundreds digit of 922585?
5
What is the hundred thousands digit of 25058456?
0
What is the ten thousands digit of 22658177?
5
What is the hundreds digit of 738173?
1
What is the thousands digit of 1228341?
8
What is the thousands digit of 570061?
0
What is the units digit of 270588?
8
What is the hundreds digit of 902372?
3
What is the units digit of 7686566?
6
What is the units digit of 435327?
7
What is the ten thousands digit of 2356900?
5
What is the hundred thousands digit of 289148?
2
What is the hundred thousands digit of 4889817?
8
What is the thousands digit of 2824706?
4
What is the units digit of 369428?
8
What is the millions digit of 2584554?
2
What is the ten thousands digit of 814232?
1
What is the millions digit of 3254113?
3
What is the hundreds digit of 164722?
7
What is the hundreds digit of 119983?
9
What is the millions digit of 2201931?
2
What is the hundreds digit of 37414?
4
What is the hundreds digit of 2093356?
3
What is the thousands digit of 7693803?
3
What is the hundreds digit of 319693?
6
What is the hundreds digit of 643318?
3
What is the units digit of 846604?
4
What is the hundred thousands digit of 841165?
8
What is the tens digit of 1294655?
5
What is the hundreds digit of 15208876?
8
What is the millions digit of 38360614?
8
What is the ten thousands digit of 2705000?
0
What is the hundreds digit of 5678090?
0
What is the thousands digit of 2317962?
7
What is the hundred thousands digit of 873813?
8
What is the millions digit of 10892035?
0
What is the hundreds digit of 17213037?
0
What is the millions digit of 1332829?
1
What is the ten thousands digit of 55149?
5
What is the tens digit of 5621087?
8
What is the hundreds digit of 61644?
6
What is the hundred thousands digit of 2856228?
8
What is the units digit of 140227?
7
What is the thousands digit of 217658?
7
What is the hundreds digit of 1145276?
2
What is the hundred thousands digit of 2391644?
3
What is the thousands digit of 8658499?
8
What is the hundred thousands digit of 12110346?
1
What is the thousands digit of 292845?
2
What is the units digit of 533050?
0
What is the units digit of 4904?
4
What is the hundreds digit of 5340249?
2
What is the ten thousands digit of 919665?
1
What is the ten thousands digit of 21252454?
5
What is the hundred thousands digit of 355751?
3
What is the tens digit of 187391?
9
What is the thousands digit of 93749?
3
What is the thousands digit of 155461?
5
What is the thousands digit of 843445?
3
What is the ten thousands digit of 63051?
6
What is the hundreds digit of 1855754?
7
What is the hundred thousands digit of 1660649?
6
What is the hundreds digit of 58012?
0
What is the units digit of 1802081?
1
What is the thousands digit of 21683?
1
What is the thousands digit of 78629?
8
What is the thousands digit of 463610?
3
What is the millions digit of 1008164?
1
What is the units digit of 3633610?
0
What is the hundreds digit of 827588?
5
What is the units digit of 678809?
9
What is the ten millions digit of 14102476?
1
What is the hundred thousands digit of 2307567?
3
What is the thousands digit of 889919?
9
What is the ten thousands digit of 2865796?
6
What is the hundred thousands digit of 944906?
9
What is the thousands digit of 280503?
0
What is the ten thousands digit of 1378443?
7
What is the hundred thousands digit of 362739?
3
What is the thousands digit of 395814?
5
What is the units digit of 10340572?
2
What is the units digit of 841351?
1
What is the hundred thousands digit of 2842687?
8
What is the ten thousands digit of 